0110101011000011?
-1011110110101011001000
In base 8, what is -1245 - -3247?
2002
In base 10, what is 857 + -15203?
-14346
In base 10, what is 1297944 + -139?
1297805
In base 14, what is -1 - -566666b?
566666a
In base 15, what is 2 + -30941bc?
-30941ba
In base 14, what is -98 - 26019?
-260b3
In base 8, what is 302001334 - 3?
302001331
In base 15, what is 75bd66 - -10?
75bd76
In base 11, what is 304 - 47452?
-47149
In base 16, what is -cf13c0 - 3?
-cf13c3
In base 15, what is 31 + 8d8d5?
8d916
In base 8, what is 4 + 11437347?
11437353
In base 4, what is 331331213 + -11220?
331313333
In base 10, what is -30 + 4533861?
4533831
In base 15, what is 13c - -1042?
117e
In base 8, what is -3267104640 + 2?
-3267104636
In base 6, what is 3435445 - -235?
3440124
In base 15, what is 6a + 3e554?
3e5be
In base 11, what is 4 + 83599763?
83599767
In base 3, what is 22022212 - -1112221?
100212210
In base 16, what is 2 - -8cb25e?
8cb260
In base 7, what is 4051 - 1344455?
-1340404
In base 15, what is -1278a - 26ab?
-14e46
In base 3, what is 100 + -10101222220122?
-10101222220022
In base 4, what is 2 - 1003331101311?
-1003331101303
In base 6, what is 25 + -23533235?
-23533210
In base 12, what is 19580 - 392?
191aa
In base 6, what is 112 + -1105242?
-1105130
In base 4, what is 100110310 + -200?
100110110
In base 8, what is -2014214 + 27?
-2014165
In base 2, what is -1101000 - -110010110001100?
110010100100100
In base 6, what is -1211221324 + 4?
-1211221320
In base 6, what is 44454 + -42052?
2402
In base 15, what is -15be285 - -11?
-15be274
In base 5, what is 1340 - -22124014?
22130404
In base 15, what is -1 + -81dd7e?
-81dd80
In base 4, what is 21120 + 2302100131?
2302121311
In base 4, what is -1 - -10001322011?
10001322010
In base 13, what is 17036176 + 2?
17036178
In base 2, what is 1111110 - 1110000111110010?
-1110000101110100
In base 16, what is 2b + -484943?
-484918
In base 6, what is -322 - -53234?
52512
In base 12, what is 18 - 229776?
-22975a
In base 7, what is -12545 + 22255?
6410
In base 13, what is -299b21 - -7?
-299b17
In base 6, what is 2212 + -255342?
-253130
In base 14, what is -73042a - -13?
-730417
In base 10, what is 51478 + -2690?
48788
In base 3, what is 1202 + -10011022200122?
-10011022121220
In base 11, what is 475 + 22251?
22716
In base 16, what is 17f67a1b - 5?
17f67a16
In base 12, what is 569 + -147664?
-1470b7
In base 3, what is 21 - -10221001012212?
10221001020010
In base 9, what is -1030 - 2132?
-3162
In base 11, what is 1311 - -2624?
3935
In base 8, what is -5 - -132155725?
132155720
In base 2, what is -1010000011100110100 + 100101?
-1010000011100001111
In base 14, what is 3 + -17010d4?
-17010d1
In base 15, what is -3b608 + 32d?
-3b2ca
In base 14, what is -71a - 2935?
-3251
In base 4, what is -12302230 - -1200123?
-11102101
In base 7, what is 162042 - -1462?
163534
In base 12, what is 594b8 - -1b20?
5b418
In base 10, what is 490771603 + 5?
490771608
In base 13, what is -327285 - -3?
-327282
In base 12, what is 226205 - 99?
226128
In base 16, what is -523c5 + 2?
-523c3
In base 7, what is 445 + -624460?
-624012
In base 3, what is 101111 - -100001001011?
100001102122
In base 13, what is 1948 + a3c7?
c042
In base 7, what is 3 + -5555314140?
-5555314134
In base 15, what is 27c - 2b290?
-2b013
In base 7, what is 2126521 + -32?
2126456
In base 15, what is -7b6 + 287?
-52e
In base 2, what is -100000001000111110 + 1010001010000?
-11110110111101110
In base 4, what is -20 + 110321101311?
110321101231
In base 9, what is -17572 + 284?
-17277
In base 12, what is -5122a1a + -1?
-5122a1b
In base 8, what is 22 + 134055?
134077
In base 16, what is -107bf - 483?
-10c42
In base 6, what is 5305 + 2103200?
2112505
In base 4, what is 11003121 + -301?
11002220
In base 14, what is -12b9 + 22cb?
1012
In base 10, what is 142460955 + -1?
142460954
In base 10, what is 3936 - 15068?
-11132
In base 9, what is -154 + -163725?
-163880
In base 14, what is -7576 + -5d?
-75d5
In base 4, what is -132120002120 + 33?
-132120002021
In base 2, what is -100000111000100010100110 - 0?
-100000111000100010100110
In base 12, what is 4758 + -7b9?
3b5b
In base 5, what is 123233 - 142212?
-13424
In base 10, what is 8 + -148529?
-148521
In base 6, what is 25 + -2201205?
-2201140
In base 14, what is -310820 + -d0?
-310910
In base 16, what is -5b35 + -47?
-5b7c
In base 12, what is -21a426 + -16?
-21a440
In base 16, what is e9e1b - -6?
e9e21
In base 3, what is 202012021 - -1001112220?
1210202011
In base 4, what is 112210 - -2120223?
2233033
In base 13, what is -1518a + -8?
-15195
In base 15, what is -31c5 + 5723?
254d
In base 4, what is -11 + -222012110210?
-222012110221
In base 10, what is -24006829 - 1?
-24006830
In base 2, what is -1011101111100010100000 + 11?
-1011101111100010011101
In base 3, what is 2 - 2202120221021?
-2202120221012
In base 5, what is -2 - 313323213?
-313323220
In base 14, what is -10cdba7 + 2?
-10cdba5
In base 11, what is -6272120 + 2?
-6272119
In base 3, what is 10111220 + 100102?
10212022
In base 10, what is -4373600 - -129?
-4373471
In base 14, what is 83d5 - -11?
8406
In base 9, what is 5365651 - 0?
5365651
In base 11, what is -52354 + -138?
-52491
In base 11, what is -182 + 5a086?
59a04
In base 2, what is 1000000110001101010001 - 100?
1000000110001101001101
In base 12, what is 77 - -72826?
728a1
In base 9, what is -62 + -111476?
-111548
In base 12, what is 2aa6 + -1176?
1930
In base 7, what is -20242411212 - -1?
-20242411211
In base 4, what is -232013131213 + 3?
-232013131210
In base 10, what is 25667 + 606?
26273
In base 2, what is -100101001001 - -10000101011101?
1100000010100
In base 11, what is -6 + 2607185?
260717a
In base 2, what is -10011010001100100110 - 100110111?
-10011010010001011101
In base 14, what is 17506c + -141?
174d2b
In base 14, what is -5c5d4 - -30?
-5c5a4
In base 10, what is -4407628 - 2?
-4407630
In base 13, what is 3b1 - -b04?
11b5
In base 11, what is -3 + 69673190?
69673188
In base 14, what is -6671 - 1b3?
-6844
In base 4, what is 1 - -3010213?
3010220
In base 5, what is 1122434 - 1033?
1121401
In base 12, what is 7 - -245554?
24555b
In base 12, what is -4646926 + -2?
-4646928
In base 15, what is 7 + -e0b1?
-e0a9
In base 11, what is 1a - 8752598?
-8752579
In base 4, what is -30213012200 + 1?
-30213012133
In base 14, what is -1bc6d + 54?
-1bc19
In base 13, what is -c8b540 - 42?
-c8b582
In base 6, what is 1100353231 - 12?
1100353215
In base 12, what is 0 + -1981194?
-1981194
In base 3, what is -2001221022200110112 - -11?
-2001221022200110101
In base 11, what is 28 - -749a6?
74a23
In base 6, what is -1 + 541301525?
541301524
In base 11, what is -291 - 7881?
-8062
In base 5, what is 240443023 + -1332?
240441141
In base 11, what is 28565 + -41?
28524
In base 11, what is -903 - 1407?
-220a
In base 10, what is -5 + -36982796?
-36982801
In base 4, what is -112200 - -210112030?
203333230
In base 3, what is -210200211 - -2202?
-210121002
In base 11, what is 2 - 13a26a2?
-13a26a0
In base 8, what is 0 - -31231104?
31231104
In base 2, what is -111100010101000010010101101 - -11?
-111100010101000010010101010
In base 8, what is -5 + 1404726?
1404721
In base 3, what is 20100201100 + 120121?
20101021221
In base 8, what is 576410 + 550?
577160
In base 13, what is 7346 - a3?
7273
In base 9, what is -14222020 + 2?
-14222017
In base 12, what is 6 - -5911407?
5911411
In base 11, what is -3076949 - 12?
-3076960
In base 16, what is 2 + 224ba0?
224ba2
In base 13, what is 4a8b + -2c6?
4795
In base 6, what is -12 - -3253032?
3253020
In base 4, what is -2 + 321223010110?
321223010102
In base 5, what is -302211043 - 1433?
-302213031
In base 11, what is 0 - -7371962?
7371962
In base 16, what is -490 - -16490?
16000
In base 2, what is -100110000 - -10100011101?
1111101101
In base 16, what is -4c75f9 - -11?
-4c75e8
In base 15, what is -18b - -11d99?
11c0d
In base 10, what is 191 + -26743?
-26552
In base 6, what is -30 - -500054112?
500054042
In base 11, what is -19a + 7776?
7587
In base 14, what is 2473 - -1123?
3596
In base 3, what is 10221120201011 + -10?
10221120201001
In base 5, what is 3 + 4421332202?
4421332210
In base 5, what is 21 - -20301334142?
20301334213
In base 2, what is -1100111011100111000 + 111011110?
-1100111010101011010
In base 11, what is -4921 + 